3*w = -4*x + i. What are the prime factors of x?
13
Let k(t) = 10*t - 16. Let b be k(7). Let u be 12/b + (-824)/(-18). Let y = -40 + u. What are the prime factors of y?
2, 3
Let f(a) = -a - 1. Let p be f(9). Let x(m) = 93*m**3 + 876*m**2 - 866*m**2 - 92*m**3 - 2*m + 1. What are the prime factors of x(p)?
3, 7
Let y(x) = -x**3 - 10*x**2 - 20*x - 167. What are the prime factors of y(-30)?
18433
Let w = 53 - 51. Let s be 0/(0 - (-4)/w). Suppose -4*j + 264 - 44 = s. List the prime factors of j.
5, 11
Suppose q + 9 = 10. Let c be (-42)/14 - (-52 + q). Let z = c - 30. List the prime factors of z.
2, 3
Let r(l) = -1. Let g(i) = i**2 + 10*i + 14. Let k(d) = g(d) - 3*r(d). What are the prime factors of k(-16)?
113
Let h(l) = -197*l - 844. What are the prime factors of h(-57)?
5, 31, 67
Suppose -27*a = -22*a - 10. Suppose -5*c - o - 2*o = -26, -2*c = a*o - 8. Let d(z) = z**2 + 15*z + 10. List the prime factors of d(c).
2, 41
Suppose -5*z = 4*p - 324, -4*z + 258 = -35*p + 37*p. Suppose 142 = z*q - 62*q. List the prime factors of q.
71
Suppose -176*p = -180*p - 892. Let j = 283 - p. What are the prime factors of j?
2, 11, 23
Let u(t) = -22*t - 13. Suppose 2 - 4 = -x. Suppose -x*m = -2*y + 5*y - 4, 4*m - 4*y = -32. List the prime factors of u(m).
3, 5
Let q be 2 - 668/(-4) - (-2 - 1). Let p = q - -167. List the prime factors of p.
3, 113
Let z(k) = -k - 2 - 3 + 3*k**2 - 4 + 0. What are the prime factors of z(5)?
61
Suppose 3*j - 7*j = 3*r - 441, -109 = -j - r. Let p(o) = -o**2 + 7*o + 9. Let z be p(8). List the prime factors of 2 + z + -2 + j/6.
2, 5
Suppose 2*p - p - 9302 = -0*p. What are the prime factors of p?
2, 4651
Let n(b) = -883*b + 6133. What are the prime factors of n(-46)?
46751
Let y = 284 - 238. Suppose 48*t = y*t + 2382. List the prime factors of t.
3, 397
Suppose -32*r = -27*r + 620. Let a = r + 57. Let m = 39 - a. What are the prime factors of m?
2, 53
Let n(y) = -34*y + 20. Let h be n(-11). Suppose -2*o + h = 2*g - 970, -4*g + 5*o = -2755. What are the prime factors of g?
5, 137
List the prime factors of -5 - -3 - (4 + (-2600 - 3 - -5)).
2, 3
List the prime factors of (-112)/672 + 330739/6.
199, 277
Suppose 0 = -81*g + 99*g - 147348. What are the prime factors of g?
2, 4093
Suppose 16*k + 2*s = 11*k + 34, 2*k - 14 = -s. List the prime factors of (7 - 1)/(k/1024).
2
Let u be 6/(-4)*((-5544)/(-27))/7. List the prime factors of (-2 - 1) + (-11)/(u/1152).
3, 5, 19
Let b be ((-5)/5)/(3/42). Let r = b - 0. List the prime factors of (28/(-5))/(0 - r/(-315)).
2, 3, 7
Let f(a) be the second derivative of 13*a**3/6 + 23*a**2/2 - 7*a. List the prime factors of f(7).
2, 3, 19
Let q(g) = g**3 + 30*g**2 + 7*g + 224. Let n be q(-30). List the prime factors of n/189*3 - (-2770)/9.
2, 7, 11
Let v = 1619 + 813. What are the prime factors of v?
2, 19
Let j be -8*((-25)/(-5))/(-10). Suppose j*y - 12 = 8. Suppose -y*q - x + 103 = 0, 5*q + 5*x = 45 + 70. List the prime factors of q.
2, 5
Let k(x) = 63*x**3 - 8*x**2 - x + 59. List the prime factors of k(4).
37, 107
Let g = -20639 + 29602. List the prime factors of g.
8963
Let s = 9942 + -5587. List the prime factors of s.
5, 13, 67
Suppose 8*p + 18 = 82. Let o be 12/p*556/2. Suppose 2*u - o = -5*b, 9*u - 5*b = 6*u + 638. List the prime factors of u.
211
Suppose 567628 = -66*x + 3199114. What are the prime factors of x?
13, 3067
Suppose -9*t + 10797 = -18795. List the prime factors of t.
2, 3, 137
What are the prime factors of (1 - 797)*760/(-80)?
2, 19, 199
Let t = 12734 - -5959. List the prime factors of t.
3, 31, 67
Let n(o) = 230*o**2 + 155*o + 881. List the prime factors of n(-6).
8231
Let h = 12432 + 32050. List the prime factors of h.
2, 23, 967
Suppose 5*u + 35*a = 37*a + 7262, 4*u + 4*a - 5804 = 0. What are the prime factors of u?
2, 3, 11
Let k = -35240 + 91620. List the prime factors of k.
2, 5, 2819
Suppose 6*g + 123 = 2*j + g, -2*j - 3*g = -99. Let p = 491 - 427. Let b = p - j. List the prime factors of b.
2, 5
Suppose 28*x - 64 = 76. Suppose 15*o - 3347 = 10*o + 2*w, x*o - 3335 = 5*w. What are the prime factors of o?
11, 61
Let t be (1/4)/(-1 - (-3)/4). What are the prime factors of 1002*4/8*(t - -2)?
3, 167
List the prime factors of 3021 + (6 - -4)/(-5).
3019
Suppose -17*k - 23*k + 80 = 0. Suppose 4*m = k*n - 4*n + 1604, 2005 = 5*m - 5*n. What are the prime factors of m?
401
Suppose 9*f = 4*f - 950. Let h be 4/(-38) - 20/f. Suppose -4*t - t + 825 = h. What are the prime factors of t?
3, 5, 11
Let x(z) = -z**3 - 10*z**2 + 5*z + 26. Let b be x(-10). Let k be (-560)/b - 4/(-6). Suppose 0 = -14*o + 6*o + k. List the prime factors of o.
3
Let s(z) = 9284*z - 9261*z - 4 + 35*z**2 + 3. What are the prime factors of s(-5)?
3, 11, 23
Suppose 60*b = 80*b - 320. List the prime factors of ((-4856)/b)/(1/(-2)*1).
607
Suppose c + 5*t - 5235 = 0, 753*t = 2*c + 752*t - 10514. List the prime factors of c.
5, 1051
Let l(v) = 2*v + 4. Let n be l(0). Suppose n*x + 581 = 9. Let h = x - -296. List the prime factors of h.
3, 17
Let u be 16/28 + (-12)/(-28). Let c be u/(-4) + 15/12 - -2. What are the prime factors of c/((-108)/(-2656)) + (-2)/(-9)?
2, 37
Suppose j + 4*p = -6, 7*j = 11*j + 2*p - 18. Suppose j*f = 735 + 1995. What are the prime factors of f?
5, 7, 13
Suppose 292 = u - 7591 + 42. What are the prime factors of u?
7841
Let v(u) = 47*u**2 - 3. Let i(m) = 47*m**2 + m - 2. Let o(r) = 3*i(r) - 2*v(r). List the prime factors of o(2).
2, 97
Suppose -2*q + 83 - 63 = 0. Suppose 13*x - q = 237. What are the prime factors of x?
19
Let h be 5/(7 + -6) - 6. What are the prime factors of (h - 2071)*(-18)/36 + 3?
1039
Suppose -7*q = -1420 - 10760. Suppose -19*b = -16*b - q. What are the prime factors of b?
2, 5, 29
Let w(a) = -991*a - 2655. What are the prime factors of w(-15)?
2, 3, 5, 11, 37
Let f = -19254 - -20566. What are the prime factors of f?
2, 41
Let j(w) = -196*w + 14931. List the prime factors of j(8).
7, 23, 83
Let b be 27/12*-8*4. Let h = b + 142. Suppose 4*t = -4*c + 44, 5*c + 2*t = -0*t + h. What are the prime factors of c?
2
Let d = 55398 - 32739. What are the prime factors of d?
3, 7, 13, 83
Let g = -99 + 102. Suppose -g*f + i + 3 + 2 = 0, 5*f + 15 = -3*i. Suppose -2*c + 221 = -5*t + 661, -3*t - 3*c + 243 = f. List the prime factors of t.
2, 43
Let j(s) be the second derivative of 2*s**3/3 + 19*s**2/2 - s. Let f be (-1215)/(-55) - 14/154. What are the prime factors of j(f)?
107
Suppose 13 = -5*n - 12, 5*a - 4*n + 2780 = 0. List the prime factors of (780/14)/((-20)/a) - 5.
5, 311
Suppose 62 - 22 = 8*z. Suppose 2*c - 131 = -i, 2*c - z*i = -2*c + 297. Suppose 13*h + c = 15*h. List the prime factors of h.
2, 17
Suppose 2*m = -2*b - 1108, 74*b = 79*b + 4*m + 2775. Suppose -c - 1660 - 236 = 5*n, -376 = n + c. Let l = n - b. List the prime factors of l.
179
Let t(b) = -27*b + 189. Let n = -47 - -14. List the prime factors of t(n).
2, 3, 5
Suppose -8*b + 42 - 50 = 0. List the prime factors of 0 + (b - -3) + (-6504)/(-12).
2, 17
What are the prime factors of 18282 + 16 - (-8)/(8/(-5))?
11, 1663
List the prime factors of (1 + (1 - -2))*(-395)/632*-9550.
5, 191
Suppose -60*q = 20*q - 19*q - 283833. List the prime factors of q.
3, 11, 47
Suppose 47*a + 177951 - 2367916 = 0. What are the prime factors of a?
5, 9319
Let q(h) = -547*h - 10. Let a be q(-2). Let o = -656 + a. What are the prime factors of o?
2, 107
Let j(o) = -o**2 - 10*o - 18. Let q be j(-3). Suppose q*y = -l + y + 129, 3*y + 483 = 4*l. List the prime factors of l.
3, 41
Suppose 3*s - 20709 + 4984 = 2*v, s - 3*v = 5251. List the prime factors of s.
13, 31
Let h(v) be the second derivative of -53*v**3/6 - 287*v**2/2 - 2*v - 13. What are the prime factors of h(-11)?
2, 37
Let v = -34289 + 48209. List the prime factors of v/45 + (-1)/3.
3, 103
Suppose -3*q = -5*g - 221, -3*g + 2 = 5. Let r = -72 + q. Suppose -3*h + 25 + 242 = r. What are the prime factors of h?
89
What are the prime factors of ((-20)/(-15))/((-7)/(-31731)*1)?
2, 1511
Let k(p) = 2569*p**2 + 67*p - 1. What are the prime factors of k(-3)?
13, 41, 43
Let b be ((-165)/(-2))/5*(-4)/6. Let u be (2/(-2))/(b + 12). List the prime factors of u/(2/4*(-10)/565).
113
List the prime factors of (15044/(-6))/(12/(-18)).
3761
Let n = 2340 - 1323. Suppose 74 = 4*q + 2*w - 742, 0 = -5*q - w + n. List the 